posite number?
False
Is 2168519 composite?
False
Is 75484429 a composite number?
False
Is 1562051 a prime number?
True
Is 151234267 prime?
False
Is 73482611 a prime number?
True
Is 16444837 a composite number?
False
Is 67355549 composite?
False
Is 52961 a prime number?
False
Is 4536185 prime?
False
Is 3073223 a prime number?
False
Is 666115187 composite?
False
Is 3014051 a composite number?
False
Is 49874887 a composite number?
False
Is 3555121 a composite number?
False
Is 299777 composite?
False
Is 41978549 a composite number?
False
Is 6616931 a composite number?
False
Is 1566983 a composite number?
True
Is 5702353 a prime number?
True
Is 299665329 a prime number?
False
Is 6391213 composite?
True
Is 3689047 a prime number?
False
Is 25015297 a prime number?
False
Is 23515909 a prime number?
True
Is 197479 prime?
True
Is 5223871 a composite number?
False
Is 48408587 prime?
True
Is 4215391 prime?
False
Is 7595927 a prime number?
True
Is 1365145 composite?
True
Is 21475451 composite?
False
Is 1571807 a prime number?
True
Is 223871 composite?
True
Is 3254197 composite?
True
Is 307719469 a composite number?
True
Is 403817 a prime number?
True
Is 12011009 a composite number?
False
Is 39445067 a composite number?
True
Is 648119 a prime number?
True
Is 70251509 prime?
True
Is 229992809 composite?
True
Is 140498219 composite?
False
Is 806051 a prime number?
True
Is 2679923 a prime number?
False
Is 3904469 composite?
False
Is 10435619 a prime number?
True
Is 499519 a composite number?
False
Is 3006433 prime?
False
Is 25680151 a composite number?
True
Is 3539777 composite?
False
Is 60255613 a composite number?
True
Is 106089983 prime?
True
Is 5291081 a prime number?
False
Is 676997 a prime number?
False
Is 96084727 a prime number?
False
Is 40719149 a composite number?
False
Is 5674729 a composite number?
True
Is 24153793 composite?
False
Is 14048159 a prime number?
False
Is 4946089 a prime number?
True
Is 12175847 a prime number?
True
Is 149122543 a composite number?
True
Is 511961 composite?
False
Is 151741 prime?
False
Is 74158681 a prime number?
True
Is 957691286 a composite number?
True
Is 2389213 composite?
False
Is 210117407 composite?
False
Is 18626609 composite?
False
Is 2164787 composite?
False
Is 131262473 a composite number?
False
Is 2999639 a prime number?
True
Is 59907653 prime?
False
Is 1269391 a prime number?
True
Is 6100735 a prime number?
False
Is 4093093 a prime number?
False
Is 58368353 prime?
True
Is 3226357 composite?
False
Is 9422863 a composite number?
False
Is 4952315 a prime number?
False
Is 2304443 a prime number?
True
Is 3855895 a prime number?
False
Is 957391037 composite?
True
Is 4694567 a prime number?
False
Is 44197729 prime?
True
Is 606113 a prime number?
True
Is 17979397 a composite number?
False
Is 6735991 prime?
False
Is 455647 a prime number?
True
Is 16166917 composite?
True
Is 20561923 a prime number?
True
Is 43265483 prime?
False
Is 30793361 a composite number?
True
Is 5929817 prime?
True
Is 459335 composite?
True
Is 266240551 prime?
True
Is 228994511 a composite number?
True
Is 8479177 composite?
True
Is 122515931 composite?
True
Is 184529669 prime?
True
Is 7636303 a prime number?
True
Is 20652683 a prime number?
False
Is 8767015 a composite number?
True
Is 421261 composite?
True
Is 93435049 a prime number?
False
Is 98276707 a prime number?
True
Is 29417293 a prime number?
False
Is 188729 composite?
False
Is 49041799 composite?
True
Is 1542579347 a composite number?
False
Is 4096177 a prime number?
False
Is 71154421 a composite number?
True
Is 710473 composite?
False
Is 501563 a prime number?
True
Is 33721921 prime?
False
Is 29806807 prime?
True
Is 3455797 a prime number?
False
Is 31883023 a prime number?
True
Is 72029487 a prime number?
False
Is 1716329 a composite number?
True
Is 58455281 composite?
True
Is 1545749 composite?
True
Is 394598159 a composite number?
False
Is 5571273 a composite number?
True
Is 72490987 a composite number?
True
Is 910003 prime?
True
Is 4734319 a composite number?
False
Is 3173039 prime?
True
Is 494225647 composite?
False
Is 122042293 prime?
True
Is 2777297 a composite number?
True
Is 9272317 composite?
True
Is 7217971 composite?
True
Is 10110761 composite?
False
Is 1147501 a prime number?
False
Is 12823823 prime?
False
Is 49450955 a composite number?
True
Is 54786398 a composite number?
True
Is 27032011 composite?
False
Is 72412867 a prime number?
True
Is 249922157 a composite number?
True
Is 386613527 a prime number?
False
Is 4063831 a composite number?
True
Is 228359611 prime?
True
Is 25749037 composite?
False
Is 19684738 a composite number?
True
Is 476177 a prime number?
False
Is 3591241 a composite number?
True
Is 9737779 prime?
False
Is 16652861 composite?
False
Is 729219 a composite number?
True
Is 2594861 a composite number?
False
Is 2355649 a composite number?
True
Is 1418353 a composite number?
False
Is 268664657 a composite number?
False
Is 4121717 a prime number?
True
Is 5256031 prime?
False
Is 134818595 a prime number?
False
Is 437947 a composite number?
False
Is 98914303 prime?
False
Is 852937 a prime number?
True
Is 6309287 a composite number?
False
Is 22089769 composite?
True
Is 62887337 prime?
True
Is 7483559 composite?
False
Is 380287 composite?
False
Is 2788483 composite?
False
Is 431423 prime?
True
Is 203442809 a composite number?
False
Is 27675679 composite?
True
Is 5789873 a composite number?
True
Is 15344717 a prime number?
True
Is 44640457 prime?
True
Is 29831707 a composite number?
True
Is 8393813 a prime number?
True
Is 6966653 a composite number?
True
Is 497613313 a prime number?
True
Is 46384357 composite?
False
Is 253397741 a prime number?
True
Is 1402657 prime?
False
Is 16660631 a composite number?
True
Is 10781198 a prime number?
False
Is 6666623 prime?
False
Is 41042431 composite?
True
Is 118882979 prime?
True
Is 79738507 composite?
True
Is 9160885 a prime number?
False
Is 3532117 a composite number?
True
Is 65590601 composite?
False
Is 17380747 prime?
True
Is 833374049 a composite number?
True
Is 302483 a prime number?
True
Is 65031323 composite?
True
Is 29844097 prime?
False
Is 405473 prime?
True
Is 3101131 composite?
True
Is 7618517 prime?
True
Is 632749 a prime number?
False
Is 8255029 a composite number?
False
Is 1550201 a prime number?
False
Is 5356153 a prime number?
False
Is 9791011 prime?
False
Is 606379 a composite number?
False
Is 201931 composite?
True
Is 295507027 composite?
True
Is 26482403 a composite number?
True
Is 6087509 composite?
False
Is 136202111 prime?
False
Is 89976463 a prime number?
True
Is 9954349 a prime number?
False
Is 64845691 a composite number?
False
Is 5005703 prime?
True
Is 490667 a composite number?
True
Is 10699023 a composite number?
True
Is 183029647 a prime number?
True
Is 632189 prime?
True
Is 908437 composite?
True
Is 30641321 prime?
False
Is 7663507 a prime number?
True
Is 23676029 prime?
False
Is 1193209 a composite number?
False
Is 590731 prime?
False
Is 43159079 a prime number?
False
Is 31484914 prime?
False
Is 12145801 a composite number?
False
Is 261066829 a prime number?
True
Is 5006737 composite?
False
Is 15985045 composite?
True
Is 2193461 composite?
True
Is 26000734 a prime number?
False
Is 2591549 prime?
False
Is 747419 a prime number?
False
Is 16299251 a composite number?
False
Is 8128459 a prime number?
False
Is 79007299 a composite number?
True
Is 538826 prime?
False
Is 18740681 a composite number?
True
Is 28009859 a prime number?
False
Is 266201 a prime number?
False
Is 229717 prime?
True
Is 110773345 prime?
False
Is 1925801 a prime number?
True
Is 416761 prime?
True
Is 6995803 composite?
False
Is 231810143 a composite number?
True
Is 114477331 composite?
True
Is 83971367 a composite number?
True
Is 3577837 a prime number?
False
Is 2707349 composite?
False
Is 21156179 a composite number?
True
Is 55235239 a prime number?
False
Is 6808909 a composite number?
False
Is 100954493 a prime number?
True
Is 7189421 prime?
True
Is 424045 composite?
True
Is 7154437 a composite number?
False
Is 21687997 a composite number?
False
Is 3494483 a composite number?
False
Is 1289459 composite?
False
Is 3582343 prime?
True
Is 10599493 a prime number?
False
Is 8028673 prime?
False
Is 664988623 a composite number?